hat is the hundreds digit of 61600?
6
What is the thousands digit of 4053557?
3
What is the thousands digit of 2168508?
8
What is the tens digit of 209537?
3
What is the hundreds digit of 167117?
1
What is the units digit of 5098691?
1
What is the units digit of 11430323?
3
What is the hundred thousands digit of 737008?
7
What is the hundreds digit of 1243046?
0
What is the hundreds digit of 912044?
0
What is the hundred thousands digit of 209275?
2
What is the millions digit of 5300800?
5
What is the ten millions digit of 12593955?
1
What is the thousands digit of 15618770?
8
What is the hundreds digit of 249870?
8
What is the thousands digit of 8219?
8
What is the ten thousands digit of 1716054?
1
What is the ten thousands digit of 5186822?
8
What is the hundreds digit of 22323?
3
What is the units digit of 9355512?
2
What is the thousands digit of 5325653?
5
What is the thousands digit of 2789169?
9
What is the ten thousands digit of 171547?
7
What is the hundred thousands digit of 192838?
1
What is the thousands digit of 24813969?
3
What is the thousands digit of 200147?
0
What is the hundred thousands digit of 480002?
4
What is the hundred thousands digit of 438144?
4
What is the hundreds digit of 15373675?
6
What is the thousands digit of 324210?
4
What is the millions digit of 4633099?
4
What is the ten millions digit of 13823137?
1
What is the ten thousands digit of 601793?
0
What is the thousands digit of 355712?
5
What is the units digit of 7229770?
0
What is the ten thousands digit of 1680621?
8
What is the thousands digit of 6011097?
1
What is the tens digit of 61427?
2
What is the hundred thousands digit of 1799272?
7
What is the millions digit of 2137421?
2
What is the ten thousands digit of 102530?
0
What is the hundreds digit of 700293?
2
What is the hundreds digit of 117915?
9
What is the thousands digit of 612258?
2
What is the units digit of 22004701?
1
What is the hundred thousands digit of 144360?
1
What is the hundred thousands digit of 971005?
9
What is the hundreds digit of 636374?
3
What is the hundred thousands digit of 23140685?
1
What is the units digit of 201367?
7
What is the ten thousands digit of 3515831?
1
What is the hundreds digit of 89253?
2
What is the hundred thousands digit of 1013970?
0
What is the hundred thousands digit of 13943826?
9
What is the hundreds digit of 17128691?
6
What is the hundreds digit of 69817?
8
What is the ten thousands digit of 156013?
5
What is the ten millions digit of 11072173?
1
What is the hundreds digit of 2649146?
1
What is the thousands digit of 89128?
9
What is the hundred thousands digit of 4820674?
8
What is the thousands digit of 12621368?
1
What is the hundred thousands digit of 341161?
3
What is the thousands digit of 358571?
8
What is the millions digit of 8569531?
8
What is the hundred thousands digit of 205409?
2
What is the hundreds digit of 204205?
2
What is the hundreds digit of 6558778?
7
What is the units digit of 1293302?
2
What is the tens digit of 1705540?
4
What is the units digit of 35738?
8
What is the ten thousands digit of 3772313?
7
What is the hundred thousands digit of 277529?
2
What is the thousands digit of 6330891?
0
What is the tens digit of 10724689?
8
What is the ten thousands digit of 107154?
0
What is the units digit of 639681?
1
What is the ten thousands digit of 643248?
4
What is the tens digit of 3049869?
6
What is the ten thousands digit of 210718?
1
What is the hundred thousands digit of 6365931?
3
What is the tens digit of 442445?
4
What is the hundreds digit of 5451152?
1
What is the thousands digit of 14841075?
1
What is the hundreds digit of 650516?
5
What is the tens digit of 401601?
0
What is the hundred thousands digit of 1719840?
7
What is the tens digit of 3255353?
5
What is the hundreds digit of 2323890?
8
What is the units digit of 6293977?
7
What is the ten thousands digit of 277861?
7
What is the thousands digit of 252645?
2
What is the thousands digit of 277455?
7
What is the tens digit of 7414?
1
What is the tens digit of 13808512?
1
What is the hundreds digit of 1210950?
9
What is the ten thousands digit of 633966?
3
What is the hundred thousands digit of 384577?
3
What is the units digit of 3102593?
3
What is the millions digit of 3313276?
3
What is the hundred thousands digit of 21643647?
6
What is the thousands digit of 270705?
0
What is the hundred thousands digit of 13719065?
7
What is the ten thousands digit of 5091969?
9
What is the thousands digit of 9061856?
1
What is the hundreds digit of 1367484?
4
What is the hundred thousands digit of 766138?
7
What is the units digit of 88118?
8
What is the ten thousands digit of 29589005?
8
What is the tens digit of 893751?
5
What is the millions digit of 6933475?
6
What is the hundred thousands digit of 1750776?
7
What is the tens digit of 1674290?
9
What is the ten thousands digit of 22964560?
6
What is the ten thousands digit of 11648257?
4
What is the hundred thousands digit of 17468721?
4
What is the thousands digit of 614554?
4
What is the hundreds digit of 10694100?
1
What is the thousands digit of 8507?
8
What is the thousands digit of 26946146?
6
What is the millions digit of 5175776?
5
What is the units digit of 3692718?
8
What is the tens digit of 143533?
3
What is the hundred thousands digit of 8133408?
1
What is the thousands digit of 266266?
6
What is the ten thousands digit of 2276219?
7
What is the tens digit of 6821861?
6
What is the tens digit of 6632?
3
What is the hundreds digit of 1123298?
2
What is the millions digit of 2642464?
2
What is the units digit of 8559?
9
What is the units digit of 2670213?
3
What is the thousands digit of 549829?
9
What is the ten thousands digit of 217776?
1
What is the hundreds digit of 15904308?
3
What is the tens digit of 88423?
2
What is the tens digit of 31930?
3
What is the millions digit of 12339676?
2
What is the tens digit of 272934?
3
What is the hundred thousands digit of 670141?
6
What is the thousands digit of 360338?
0
What is the tens digit of 57631?
3
What is the hundreds digit of 2281375?
3
What is the units digit of 3166693?
3
What is the units digit of 8667864?
4
What is the hundreds digit of 1530761?
7
What is the hundreds digit of 258877?
8
What is the hundreds digit of 930555?
5
What is the thousands digit of 901191?
1
What is the units digit of 99108?
8
What is the thousands digit of 3588330?
8
What is the hundred thousands digit of 742102?
7
What is the hundreds digit of 1000453?
4
What is the ten thousands digit of 209209?
0
What is the units digit of 650118?
8
What is the ten thousands digit of 147369?
4
What is the thousands digit of 84750?
4
What is the ten thousands digit of 482965?
8
What is the hundred thousands digit of 3753980?
7
What is the tens digit of 412380?
8
What is the hundreds digit of 64910?
9
What is the tens digit of 176929?
2
What is the hundreds digit of 6746548?
5
What is the tens digit of 270194?
9
What is the hundreds digit of 3571?
5
What is the millions digit of 18950843?
8
What is the millions digit of 4425107?
4
What is the units digit of 487730?
0
What is the millions digit of 9050046?
9
What is the hundred thousands digit of 277065?
2
What is the hundreds digit of 18724?
7
What is the units digit of 328369?
9
What is the units digit of 29403584?
4
What is the thousands digit of 18482045?
2
What is the units digit of 229688?
8
What is the millions digit of 6275610?
6
What is the tens digit of 2779975?
7
What is the hundreds digit of 293547?
5
What is the tens digit of 5253469?
6
What is the hundred thousands digit of 481819?
4
What is the ten thousands digit of 161234?
6
What is the thousands digit of 72999?
2
What is the thousands digit of 24050959?
0
What is the thousands digit of 3542789?
2
What is the thousands digit of 4576612?
6
What is the hundreds digit of 243761?
7
What is the hundred thousands digit of 7122258?
1
What is the hundred thousands digit of 206647?
2
What is the ten thousands digit of 1448592?
4
What is the tens digit of 164590?
9
What is the hundred thousands digit of 1003722?
0
What is the tens digit of 52503?
0
What is the millions digit of 7109627?
7
What is the millions digit of 3538948?
3
What is the millions digit of 3418911?
3
What is 